{"id":237,"date":"2021-05-17T18:42:50","date_gmt":"2021-05-17T18:42:50","guid":{"rendered":"https:\/\/j-fun.be\/?page_id=237"},"modified":"2025-03-08T10:36:46","modified_gmt":"2025-03-08T10:36:46","slug":"routes","status":"publish","type":"page","link":"https:\/\/j-fun.be\/index.php\/routes\/","title":{"rendered":"E-steproutes"},"content":{"rendered":"\n<div class=\"wp-block-columns alignwide are-vertically-aligned-top is-layout-flex wp-container-core-columns-is-layout-9d6595d7 wp-block-columns-is-layout-flex\">\n<div class=\"wp-block-column is-vertically-aligned-top has-subtle-background-background-color has-background is-layout-flow wp-block-column-is-layout-flow\" style=\"font-style:italic;font-weight:400;flex-basis:500px\"><div class=\"wp-block-image\">\n<figure class=\"aligncenter is-resized\"><img loading=\"lazy\" decoding=\"async\" width=\"1024\" height=\"768\" src=\"https:\/\/j-fun.be\/wp-content\/uploads\/2021\/04\/IMG-20210302-WA0008-1024x768.jpg\" alt=\"\" class=\"wp-image-17\" style=\"width:197px;height:auto\" srcset=\"https:\/\/j-fun.be\/wp-content\/uploads\/2021\/04\/IMG-20210302-WA0008-1024x768.jpg 1024w, https:\/\/j-fun.be\/wp-content\/uploads\/2021\/04\/IMG-20210302-WA0008-300x225.jpg 300w, https:\/\/j-fun.be\/wp-content\/uploads\/2021\/04\/IMG-20210302-WA0008-768x576.jpg 768w, https:\/\/j-fun.be\/wp-content\/uploads\/2021\/04\/IMG-20210302-WA0008-1536x1152.jpg 1536w, https:\/\/j-fun.be\/wp-content\/uploads\/2021\/04\/IMG-20210302-WA0008-1200x900.jpg 1200w, https:\/\/j-fun.be\/wp-content\/uploads\/2021\/04\/IMG-20210302-WA0008.jpg 1632w\" sizes=\"auto, (max-width: 1024px) 100vw, 1024px\" \/><\/figure>\n<\/div>\n\n\n<p class=\"has-text-align-center has-primary-color has-text-color has-link-color has-large-font-size wp-elements-2130cdadb5c517a7b90ece267f8e406f\" style=\"font-style:normal;font-weight:400\"><strong>Wap-route<\/strong><\/p>\n\n\n\n<p class=\"has-text-align-center has-primary-color has-text-color has-link-color has-normal-font-size wp-elements-fe5831e867fca4c12c2e6e1c1c583a6a\" style=\"font-style:normal;font-weight:400\"><em>30 km<\/em><\/p>\n\n\n\n<p class=\"has-text-align-center has-primary-color has-text-color has-link-color has-normal-font-size wp-elements-ebcef7740be86785b7aee9d651224893\" style=\"font-style:normal;font-weight:400\">Watou &#8211; Abele &#8211; Poperinge<\/p>\n\n\n\n<p class=\"has-text-align-center has-primary-color has-text-color has-link-color has-small-font-size wp-elements-a021746b2a18aaac3f39489c33bd0cdd\" style=\"font-style:normal;font-weight:400\">Ontdek onze streek doorheen kleine wegen. Er zijn heel wat mooie plekjes om een pauze te nemen en te genieten. Een rustige route doorheen de kleine wegen rond Watou, Abele en Poperinge.<\/p>\n<\/div>\n\n\n\n<div class=\"wp-block-column is-vertically-aligned-top has-primary-color has-subtle-background-background-color has-text-color has-background has-link-color wp-elements-6f46d0c7bc64f8b50727faaacf8e2e4e is-layout-flow wp-block-column-is-layout-flow\" style=\"flex-basis:500px\"><div class=\"wp-block-image\">\n<figure class=\"aligncenter size-large is-resized\"><img loading=\"lazy\" decoding=\"async\" width=\"819\" height=\"1024\" src=\"https:\/\/j-fun.be\/wp-content\/uploads\/2024\/02\/IMG_20220801_221954_034-819x1024.jpg\" alt=\"\" class=\"wp-image-1005\" style=\"width:139px;height:auto\" srcset=\"https:\/\/j-fun.be\/wp-content\/uploads\/2024\/02\/IMG_20220801_221954_034-819x1024.jpg 819w, https:\/\/j-fun.be\/wp-content\/uploads\/2024\/02\/IMG_20220801_221954_034-240x300.jpg 240w, https:\/\/j-fun.be\/wp-content\/uploads\/2024\/02\/IMG_20220801_221954_034-768x960.jpg 768w, https:\/\/j-fun.be\/wp-content\/uploads\/2024\/02\/IMG_20220801_221954_034-1229x1536.jpg 1229w, https:\/\/j-fun.be\/wp-content\/uploads\/2024\/02\/IMG_20220801_221954_034-1638x2048.jpg 1638w, https:\/\/j-fun.be\/wp-content\/uploads\/2024\/02\/IMG_20220801_221954_034-1200x1500.jpg 1200w, https:\/\/j-fun.be\/wp-content\/uploads\/2024\/02\/IMG_20220801_221954_034-1980x2475.jpg 1980w, https:\/\/j-fun.be\/wp-content\/uploads\/2024\/02\/IMG_20220801_221954_034-scaled.jpg 2048w\" sizes=\"auto, (max-width: 819px) 100vw, 819px\" \/><\/figure>\n<\/div>\n\n\n<p class=\"has-text-align-center has-primary-color has-text-color has-link-color has-large-font-size wp-elements-e5d4590abc02253c633910143cd3685e\" style=\"font-style:normal;font-weight:400\"><strong>Volkscaf\u00e9-route<\/strong><\/p>\n\n\n\n<p class=\"has-text-align-center has-primary-color has-text-color has-link-color wp-elements-553d3cc8f7720e8acdce516ff428a4a3\" style=\"font-style:normal;font-weight:400\"><em>28,9 km<\/em><\/p>\n\n\n\n<p class=\"has-text-align-center has-primary-color has-text-color has-link-color wp-elements-f63e0a4d2d381a3696c3a080254dd7dd\" style=\"font-style:normal;font-weight:400\">Watou &#8211; Abele &#8211; Poperinge<\/p>\n\n\n\n<p class=\"has-text-align-center has-primary-color has-text-color has-link-color has-small-font-size wp-elements-bfe0d702734273f43485b30efc202d03\" style=\"font-style:normal;font-weight:400\">Ontdek op deze route een mix van traditionele spelen en volkscafeetjes. doorheen kleine wegen. Koppel je de e-step activiteit aan een typische degustatie of ga je liever de &#8220;sportieve&#8221; kant op: boltra, vogelpik, &#8230; ?<\/p>\n<\/div>\n\n\n\n<div class=\"wp-block-column is-vertically-aligned-top has-subtle-background-background-color has-background is-layout-flow wp-block-column-is-layout-flow\" style=\"flex-basis:500px\"><div class=\"wp-block-image\">\n<figure class=\"aligncenter size-full is-resized\"><img loading=\"lazy\" decoding=\"async\" width=\"991\" height=\"729\" src=\"https:\/\/j-fun.be\/wp-content\/uploads\/2023\/03\/330594987_1887446614943163_8543872261011157295_n-1-2.jpg\" alt=\"\" class=\"wp-image-790\" style=\"width:190px\" srcset=\"https:\/\/j-fun.be\/wp-content\/uploads\/2023\/03\/330594987_1887446614943163_8543872261011157295_n-1-2.jpg 991w, https:\/\/j-fun.be\/wp-content\/uploads\/2023\/03\/330594987_1887446614943163_8543872261011157295_n-1-2-300x221.jpg 300w, https:\/\/j-fun.be\/wp-content\/uploads\/2023\/03\/330594987_1887446614943163_8543872261011157295_n-1-2-768x565.jpg 768w\" sizes=\"auto, (max-width: 991px) 100vw, 991px\" \/><\/figure>\n<\/div>\n\n\n<p class=\"has-text-align-center has-primary-color has-text-color has-link-color has-large-font-size wp-elements-21491ba41b6ddfd383522082daa040f4\"><strong>Grensroute<\/strong><\/p>\n\n\n\n<p class=\"has-text-align-center has-primary-color has-text-color has-link-color wp-elements-eceaa191b5d9e99a0ab943250790a72b\"><em>32,6 km<\/em><\/p>\n\n\n\n<p class=\"has-text-align-center has-primary-color has-text-color has-link-color wp-elements-5c698abe1ec9d60c80fd141f015888d8\">Herzeele &#8211; Houtkerke &#8211; Watou<\/p>\n\n\n\n<p class=\"has-text-align-center has-primary-color has-text-color has-link-color has-small-font-size wp-elements-8aa4150b4a24f6c77cb63b456ddaea0d\">Rijd door de rustige weggetjes net over de grens en passeer o.a. het welbekende piconcaf\u00e9\u00e9tje, het orgelcaf\u00e9 &#8230; <\/p>\n<\/div>\n<\/div>\n\n\n\n<p class=\"has-text-align-center has-text-color has-small-font-size\" style=\"color:#ff8d8d\"><strong>More to come \u2026<br><\/strong>We zijn steeds bezig met de ontwikkeling van nieuwe routes.<\/p>\n","protected":false},"excerpt":{"rendered":"<p>Wap-route 30 km Watou &#8211; Abele &#8211; Poperinge Ontdek onze streek doorheen kleine wegen. Er zijn heel wat mooie plekjes om een pauze te nemen en te genieten. Een rustige route doorheen de kleine wegen rond Watou, Abele en Poperinge. Volkscaf\u00e9-route 28,9 km Watou &#8211; Abele &#8211; Poperinge Ontdek op deze route een mix van [&hellip;]<\/p>\n","protected":false},"author":1,"featured_media":0,"parent":0,"menu_order":0,"comment_status":"closed","ping_status":"closed","template":"","meta":{"footnotes":""},"class_list":["post-237","page","type-page","status-publish","hentry"],"_links":{"self":[{"href":"https:\/\/j-fun.be\/index.php\/wp-json\/wp\/v2\/pages\/237","targetHints":{"allow":["GET"]}}],"collection":[{"href":"https:\/\/j-fun.be\/index.php\/wp-json\/wp\/v2\/pages"}],"about":[{"href":"https:\/\/j-fun.be\/index.php\/wp-json\/wp\/v2\/types\/page"}],"author":[{"embeddable":true,"href":"https:\/\/j-fun.be\/index.php\/wp-json\/wp\/v2\/users\/1"}],"replies":[{"embeddable":true,"href":"https:\/\/j-fun.be\/index.php\/wp-json\/wp\/v2\/comments?post=237"}],"version-history":[{"count":33,"href":"https:\/\/j-fun.be\/index.php\/wp-json\/wp\/v2\/pages\/237\/revisions"}],"predecessor-version":[{"id":1127,"href":"https:\/\/j-fun.be\/index.php\/wp-json\/wp\/v2\/pages\/237\/revisions\/1127"}],"wp:attachment":[{"href":"https:\/\/j-fun.be\/index.php\/wp-json\/wp\/v2\/media?parent=237"}],"curies":[{"name":"wp","href":"https:\/\/api.w.org\/{rel}","templated":true}]}}